). What is the units digit of z(0)?
4
Suppose -13*u - 12 = -10*u. Let d(p) = 7*p**2 - 3*p - 6. What is the units digit of d(u)?
8
What is the units digit of 4303 - (-3)/((-9)/(-12))?
7
Let q(v) = 315*v + 130. What is the tens digit of q(2)?
6
Let z = -38 - -513. What is the tens digit of z?
7
Suppose 0 = 4*j - 63 + 39. Suppose -1047 = -5*o - 3*q, -625 = -3*o + j*q - 11*q. What is the hundreds digit of o?
2
Let h = 570 + 993. What is the units digit of h?
3
Suppose 1 = -m + j, j - 10 = -2*m - 0*m. Suppose 5*l = -g, -4*l = -0*l - 3*g. Suppose l*y + 2*y = -m*z + 65, 0 = 3*z + 5*y - 59. What is the tens digit of z?
2
Suppose 4*v = 220 + 36. Suppose i = -i + v. What is the units digit of i?
2
Suppose -c = -6*c + 25. Let u = 7 + c. Suppose -x = -u - 10. What is the units digit of x?
2
What is the units digit of (-20640)/(-54) + (-2)/9?
2
Let n be 3/(7 + 2)*36. Suppose -2*a + n = 2*a. Suppose -4*d + 28 = -3*i, d + 5*i + a = 10. What is the units digit of d?
7
Suppose 12*w = 10*w + 1122. What is the tens digit of w?
6
Let k(u) = 3*u**2 + 7*u - 8. Suppose -16*a = -20*a - 20. What is the tens digit of k(a)?
3
Let m(t) = 951*t - 70. What is the tens digit of m(2)?
3
Suppose -h = -1279 + 243. What is the thousands digit of h?
1
Let y = -965 + 970. Let t = -57 + 181. Suppose y*l - t = 266. What is the tens digit of l?
7
Let o(k) = -35*k - 73. What is the tens digit of o(-15)?
5
Let b be (-2 - 0)/((-8)/84). Suppose -14*p + b*p - 784 = 0. What is the units digit of p?
2
Suppose -2*z - 7 = -u, 2*z + 24 - 8 = 4*u. What is the units digit of 6/(-4) - 199/z?
8
Let j(i) = i**3 + 16*i**2 + 14*i + 30. Let f be j(-12). Suppose -588 = -4*n - 3*q - q, 3*n + 2*q - f = 0. What is the hundreds digit of n?
1
Let r = 161 + -139. What is the tens digit of r?
2
What is the hundreds digit of 518/222*11*12?
3
Let u(i) be the first derivative of -i**4/12 - 3*i**3/2 - 5*i**2/2 - 2*i + 4. Let c(t) be the first derivative of u(t). What is the units digit of c(-7)?
9
Let m(g) = g**2 + g + 12. Let p be m(0). Suppose -4*v = -n + p, 0 = -2*n - 3*v + 2. Suppose -n*c - 3*h + 118 = 30, h = 0. What is the tens digit of c?
2
Let j = -39 - -63. Let k = j + 31. What is the tens digit of k?
5
Let d(k) = -k + 1. Let v(g) = -18*g + 28. Let a(b) = -12*d(b) + v(b). What is the tens digit of a(-5)?
4
Let f(w) = 42*w**3 + w**2 - w. Suppose 4*a = -r, -4*a + 12 = -0*a. Let i = r - -13. What is the tens digit of f(i)?
4
Let z(l) = -10*l**2 - 5*l - 2. Let m be z(-3). What is the tens digit of (-22)/m - (-285)/7?
4
Let i(p) = 2 - 3 + 0 - 9*p**3 + p**3. Let o be i(-1). Suppose 70 = -2*l + o*l. What is the units digit of l?
4
Let p(t) = 5*t**3 + 7*t**2 + t - 9. Let h(a) = -1 - 145*a + 145*a + a**3. Let j(d) = -4*h(d) + p(d). What is the units digit of j(-3)?
8
Let t(w) = 88*w - 20. What is the hundreds digit of t(5)?
4
What is the units digit of (-160)/160 - (-4012 - (-2 - 0))?
9
Let n(s) = -25 + 8 + 15*s**2 + 5*s + 5*s**2 + 13. What is the tens digit of n(1)?
2
Suppose -34 + 4 = 5*d. What is the units digit of ((-234)/(-12) - d/4)/1?
1
Let c be 1/((-1)/(176/(-1))). Let u = c - 103. What is the tens digit of u?
7
Let t(z) = z**3 + z**2 - 2*z - 7. Let s be t(-3). Let l = 17 + s. What is the units digit of (-1)/4*l*14?
7
Suppose -2*t = 2*t + 8. Let a be t/12*2*-81. Let x = -13 + a. What is the tens digit of x?
1
Suppose -f - 3318 = -5*f - 5*j, 3*f = 5*j + 2471. What is the tens digit of f?
2
Suppose -3*t + 2040 = 5*h, 2*t - 329 = -2*h + 487. What is the units digit of h?
8
Let g(m) be the third derivative of -m**5/30 + 7*m**4/8 - 7*m**3/6 - 15*m**2. What is the units digit of g(9)?
0
Let m(z) = 355*z - 264. What is the units digit of m(3)?
1
What is the hundreds digit of 28280/10 - 0/(-5)?
8
Let l be (6/(-15))/((-2)/40). Let z(o) = 2*o**2 - 9*o + 4. Let x be z(l). Let b = x - 26. What is the tens digit of b?
3
Suppose 418 = 4*n - c, -66 = -2*n + 4*c + 136. What is the hundreds digit of n?
1
Let x = 303 + -449. Let g = x - -176. What is the tens digit of g?
3
Let j(v) = 3*v + 6. What is the hundreds digit of j(32)?
1
Let z = -73 + 899. What is the tens digit of z?
2
Let l = -51 - -61. What is the hundreds digit of (-4024)/(-28) + l/35?
1
Let z = -16 + 25. Let p(x) = -4*x - 1. Let w(v) = 5*v. Let i(c) = -4*p(c) - 3*w(c). What is the units digit of i(z)?
3
Let y be ((-72)/(-90))/(2/(-5)). Let t = 16 - y. What is the units digit of t?
8
Let j = -1 + 20. Let z(d) = -d**3 + 9*d**2 + 10*d + 4. Let o be z(-2). Let u = o - j. What is the units digit of u?
9
Suppose j + 34 = -3*s - 42, 3*j + 243 = -4*s. Let p = -25 - j. Suppose -4*y + p + 4 = 0. What is the units digit of y?
6
Suppose -3*f + 744 = -2397. What is the tens digit of f?
4
Suppose -119 = -3*i + 5*l, 2*i - 35 = -2*l + 39. What is the tens digit of i?
3
Let h(j) = -4*j**2 - 4*j + 8 - 16*j + 3*j**2. Let k be h(-16). Suppose -6*u - k = -348. What is the units digit of u?
6
Let b = 891 + -297. What is the units digit of b?
4
Let z(o) = o**3 - 22*o**2 + 21*o - 64. What is the hundreds digit of z(22)?
3
What is the units digit of (-660)/(-18)*1/(15/144)?
2
Let l(b) = -b**2 - 15*b - 3. Suppose -2*y - 38 = 4*h, 2*y - 18 = h - 1. What is the units digit of l(h)?
1
Suppose -2*x - p = -3*p - 2680, -3*x + p = -4012. What is the units digit of x?
6
Suppose 0 = -5*z - z + 3888. Suppose 0*h - 8*h = -z. What is the units digit of h?
1
What is the hundreds digit of 14/6*(-32)/(-14)*54?
2
Let d = 385 + -26. What is the units digit of d?
9
Suppose 4*o - 5*k - 28 - 16 = 0, 14 = -o - 5*k. Let r(l) be the second derivative of l**4/12 - l**3/6 - l**2/2 - l. What is the tens digit of r(o)?
2
Suppose 2*p = c - 3*p - 324, -3*c + 5*p + 972 = 0. What is the units digit of c?
4
Let z(h) = h**3 - 6*h**2 + 5*h + 5. Let y be z(5). Let c = 148 - 148. Suppose -2*k - y*g + 57 = c, -k + 5*g = k - 27. What is the units digit of k?
1
Suppose 4*n - 3*s = 5 + 1, -n + 2*s = -4. Suppose n*i - 3*i = -99. What is the units digit of i?
3
Let z(c) = -c. Let l be z(-2). Suppose 3*d - 341 = -2*d - k, -4*d = -l*k - 270. What is the tens digit of d?
6
Let i(k) = 24*k**2 - 12*k + 156. What is the tens digit of i(6)?
4
Suppose 0 = -11*x + 457 + 7793. What is the units digit of x?
0
Suppose 3*p = -9, -w - 5*p - 21 = -p. Let g(f) = 17*f - 67. Let k be g(4). What is the units digit of (w/(k + -4))/3?
1
Let s = 363 - -12. What is the hundreds digit of s?
3
Suppose 30 = 4*v + 2. Let l = v - 4. What is the units digit of l?
3
Let g(i) be the second derivative of -i**4/12 + 8*i**3/3 - 9*i**2 + 14*i. Let w = 21 + -12. What is the tens digit of g(w)?
4
Suppose 0 = 7*j - 8*j - 129. Let b = j - -349. What is the hundreds digit of b?
2
Let d be ((-8)/(-10))/(2/15). What is the tens digit of -4 - (-45)/12*80/d?
4
Suppose -2*d = -q + 1, -5*d + 5*q + 6 = -4. Let n be (-8)/6*(-135)/(-30). What is the units digit of d*(64/n - -1)?
9
Suppose 4*z - t + 5 = 0, -z = -t + 3 + 2. What is the tens digit of 7 + (-3 - z) + 74?
7
Let x = 120 - 51. Suppose 2*h - 46 = -0*p + p, 3*h - 216 = 5*p. Let o = x + p. What is the units digit of o?
7
Let f(k) = -10*k**2 - 15*k**2 + 30*k**2 - 10*k**2 - k**3 - 2*k - 3. What is the units digit of f(-6)?
5
Let y(x) = -x - 5. Let v be y(6). Let p(s) = 7*s + 14. Let u(w) = -5*w - 9. Let l(n) = 5*p(n) + 8*u(n). What is the units digit of l(v)?
3
Let o = -73 + 59. What is the units digit of ((-105)/2 + -1)/(7/o)?
7
Let t be 2/9 - (-1152)/(-81). Let a(h) = h + 11. Let z be a(t). What is the units digit of 54/1*z/(-9)?
8
Let u(g) = 178*g**2 - 35*g + 12. What is the tens digit of u(4)?
2
Let x be 8/(-12)*-9 - 2. Suppose 5*f + 95 = 5*r, 74 - 3 = x*r + f. What is the units digit of r?
8
Let d = -1221 - -1492. What is the units digit of d?
1
Suppose -8003 - 11749 = -8*r. What is the thousands digit of r?
2
Suppose 5*o = 2*a - 0*a + 14, -6 = -2*a. Suppose -3*t - 329 = -5*m, -4*t = -m - o + 63. Suppose -7*n + m = -178. What is the tens digit of n?
3
Let k be 1 - ((-12)/10)/((-2)/(-10)). Suppose 8*z - k*z = 173. What is the tens digit of z?
7
Let i = 9 + -6. Suppose x + s - 72 = -s, i*x - 5*s - 260 = 0. What is the units digit of x?
0
Let s = 125 + -767. Let l = 939 + s. What is the hundreds digit of l?
2
Suppose -2*y + 3326 + 448 = 0. What is the thousands digit of y?
1
Suppose 8*z = z + 49. Let m(w) = -3 